nder when 146 is divided by 49?
48
Calculate the remainder when 45660 is divided by 93.
90
What is the remainder when 839 is divided by 60?
59
Calculate the remainder when 4533 is divided by 904.
13
Calculate the remainder when 449 is divided by 41.
39
Calculate the remainder when 336 is divided by 188.
148
What is the remainder when 26 is divided by 4?
2
What is the remainder when 584 is divided by 139?
28
Calculate the remainder when 156 is divided by 71.
14
Calculate the remainder when 3908 is divided by 10.
8
Calculate the remainder when 309 is divided by 82.
63
Calculate the remainder when 463 is divided by 31.
29
What is the remainder when 279 is divided by 16?
7
Calculate the remainder when 909 is divided by 57.
54
Calculate the remainder when 60 is divided by 13.
8
What is the remainder when 135 is divided by 116?
19
Calculate the remainder when 182 is divided by 37.
34
Calculate the remainder when 127 is divided by 58.
11
Calculate the remainder when 95 is divided by 17.
10
Calculate the remainder when 477 is divided by 20.
17
What is the remainder when 96 is divided by 11?
8
What is the remainder when 656 is divided by 113?
91
Calculate the remainder when 129 is divided by 45.
39
Calculate the remainder when 5857 is divided by 2928.
1
Calculate the remainder when 1001 is divided by 208.
169
Calculate the remainder when 4587 is divided by 177.
162
Calculate the remainder when 95 is divided by 7.
4
What is the remainder when 218 is divided by 44?
42
Calculate the remainder when 157 is divided by 40.
37
Calculate the remainder when 1334 is divided by 274.
238
Calculate the remainder when 366 is divided by 74.
70
Calculate the remainder when 879 is divided by 113.
88
What is the remainder when 1349 is divided by 15?
14
What is the remainder when 7100 is divided by 161?
16
Calculate the remainder when 482 is divided by 11.
9
Calculate the remainder when 64 is divided by 35.
29
What is the remainder when 210 is divided by 70?
0
What is the remainder when 7067 is divided by 10?
7
What is the remainder when 45632 is divided by 41?
40
What is the remainder when 130 is divided by 49?
32
Calculate the remainder when 7 is divided by 4.
3
What is the remainder when 620 is divided by 156?
152
Calculate the remainder when 245 is divided by 82.
81
Calculate the remainder when 2053 is divided by 127.
21
Calculate the remainder when 158 is divided by 150.
8
What is the remainder when 522 is divided by 115?
62
Calculate the remainder when 266 is divided by 13.
6
What is the remainder when 25 is divided by 8?
1
Calculate the remainder when 10878 is divided by 43.
42
Calculate the remainder when 127 is divided by 26.
23
What is the remainder when 74 is divided by 5?
4
What is the remainder when 118 is divided by 30?
28
What is the remainder when 47 is divided by 34?
13
What is the remainder when 99 is divided by 37?
25
Calculate the remainder when 380 is divided by 127.
126
What is the remainder when 29 is divided by 10?
9
Calculate the remainder when 3286 is divided by 13.
10
What is the remainder when 248 is divided by 129?
119
Calculate the remainder when 102 is divided by 21.
18
Calculate the remainder when 29 is divided by 27.
2
Calculate the remainder when 400 is divided by 36.
4
Calculate the remainder when 100 is divided by 51.
49
Calculate the remainder when 1127 is divided by 41.
20
Calculate the remainder when 89 is divided by 24.
17
What is the remainder when 117 is divided by 20?
17
Calculate the remainder when 59 is divided by 15.
14
What is the remainder when 284 is divided by 24?
20
What is the remainder when 119 is divided by 14?
7
What is the remainder when 1947 is divided by 16?
11
What is the remainder when 75 is divided by 21?
12
What is the remainder when 104 is divided by 34?
2
Calculate the remainder when 27 is divided by 15.
12
What is the remainder when 15 is divided by 9?
6
What is the remainder when 15 is divided by 1?
0
Calculate the remainder when 1583 is divided by 61.
58
Calculate the remainder when 2723 is divided by 13.
6
Calculate the remainder when 1133 is divided by 16.
13
Calculate the remainder when 160 is divided by 84.
76
What is the remainder when 11547 is divided by 275?
272
What is the remainder when 134 is divided by 30?
14
What is the remainder when 424 is divided by 33?
28
Calculate the remainder when 548 is divided by 79.
74
What is the remainder when 414 is divided by 126?
36
Calculate the remainder when 2896 is divided by 42.
40
What is the remainder when 228 is divided by 143?
85
What is the remainder when 1283 is divided by 12?
11
What is the remainder when 102 is divided by 30?
12
What is the remainder when 1034 is divided by 23?
22
Calculate the remainder when 2067 is divided by 44.
43
Calculate the remainder when 24 is divided by 9.
6
What is the remainder when 96 is divided by 11?
8
What is the remainder when 790 is divided by 38?
30
Calculate the remainder when 618 is divided by 195.
33
What is the remainder when 1357 is divided by 151?
149
Calculate the remainder when 264 is divided by 38.
36
What is the remainder when 630 is divided by 619?
11
Calculate the remainder when 130 is divided by 27.
22
Calculate the remainder when 6565 is divided by 21.
13
What is the remainder when 9827 is divided by 117?
116
Calculate the remainder when 33 is divided by 4.
1
Calculate the remainder when 540 is divided by 34.
30
Calculate the remainder when 444 is divided by 5.
4
Calculate the remainder when 262 is divided by 83.
13
What is the remainder when 418 is divided by 55?
33
Calculate the remainder when 374 is divided by 47.
45
Calculate the remainder when 132 is divided by 64.
4
What is the remainder when 2743 is divided by 2?
1
What is the remainder when 2458 is divided by 29?
22
What is the remainder when 151 is divided by 40?
31
What is the remainder when 601 is divided by 578?
23
Calculate the remainder when 646 is divided by 136.
102
Calculate the remainder when 206 is divided by 26.
24
What is the remainder when 3389 is divided by 113?
112
What is the remainder when 263 is divided by 84?
11
Calculate the remainder when 572 is divided by 17.
11
What is the remainder when 2308 is divided by 35?
33
What is the remainder when 5112 is divided by 1693?
33
Calculate the remainder when 257 is divided by 27.
14
Calculate the remainder when 76 is divided by 42.
34
What is the remainder when 55 is divided by 12?
7
Calculate the remainder when 13883 is divided by 53.
50
What is the remainder when 9 is divided by 7?
2
Calculate the remainder when 7921 is divided by 791.
11
What is the remainder when 316 is divided by 30?
16
Calculate the remainder when 595 is divided by 72.
19
Calculate the remainder when 1075 is divided by 83.
79
Calculate the remainder when 357 is divided by 24.
21
What is the remainder when 502 is divided by 67?
33
Calculate the remainder when 1696 is divided by 244.
232
What is the remainder when 40 is divided by 37?
3
Calculate the remainder when 3049 is divided by 122.
121
What is the remainder when 323 is divided by 143?
37
What is the remainder when 1227 is divided by 23?
8
Calculate the remainder when 272 is divided by 76.
44
Calculate the remainder when 141 is divided by 33.
9
What is the remainder when 1296 is divided by 59?
57
What is the remainder when 358 is divided by 21?
1
What is the remainder when 2036 is divided by 40?
36
Calculate the remainder when 51 is divided by 4.
3
Calculate the remainder when 877 is divided by 9.
4
Calculate the remainder when 2275 is divided by 60.
55
Calculate the remainder when 2889 is divided by 107.
0
What is the remainder when 106 is divided by 27?
25
Calculate the remainder when 306 is divided by 21.
12
What is the remainder when 582 is divided by 137?
34
Calculate the remainder when 1385 is divided by 4.
1
Calculate the remainder when 58 is divided by 1.
0
Calculate the remainder when 21 is divided by 6.
3
Calculate the remainder when 7931 is divided by 248.
243
Calculate the remainder when 47 is divided by 8.
7
What is the remainder when 20 is divided by 3?
2
What is the remainder when 1330 is divided by 41?
18
What is the remainder when 1408 is divided by 83?
80
What is the remainder when 59 is divided by 28?
3
What is the remainder when 24